{"id":798,"date":"2023-04-23T12:30:45","date_gmt":"2023-04-23T10:30:45","guid":{"rendered":"https:\/\/eve95ermont.com\/index.php\/membres-presidente-ariane-bellard-2-2-2-2-3\/"},"modified":"2023-10-04T22:57:09","modified_gmt":"2023-10-04T20:57:09","slug":"membres-maximilien-zakowski","status":"publish","type":"page","link":"https:\/\/eve95ermont.com\/index.php\/membres-maximilien-zakowski\/","title":{"rendered":"Maximilien ZAKOWSKI"},"content":{"rendered":"<div class=\"wp-block-image\">\n<figure class=\"aligncenter size-full\"><img loading=\"lazy\" decoding=\"async\" width=\"287\" height=\"285\" src=\"https:\/\/eve95ermont.com\/wp-content\/uploads\/2023\/10\/maximilien-zakowski.png\" alt=\"\" class=\"wp-image-837\" srcset=\"https:\/\/eve95ermont.com\/wp-content\/uploads\/2023\/10\/maximilien-zakowski.png 287w, https:\/\/eve95ermont.com\/wp-content\/uploads\/2023\/10\/maximilien-zakowski-150x150.png 150w\" sizes=\"auto, (max-width: 287px) 100vw, 287px\" \/><\/figure>\n<\/div>\n\n\n<h2 class=\"wp-block-heading has-text-align-center\">Responsable Pologne &amp; Communication<\/h2>\n\n\n\n<h3 class=\"wp-block-heading has-text-align-center\">Maximilien ZAKOWSKI<\/h3>\n\n\n\n<h4 class=\"wp-block-heading has-text-align-center\">Membre actif depuis 2023<br>R\u00e9sident \u00e0 Ermont depuis 2015<\/h4>\n\n\n\n<h3 class=\"wp-block-heading has-text-align-center\">Langues parl\u00e9es : Anglais, Allemand, Polonais, Russe<\/h3>\n\n\n\n<hr class=\"wp-block-separator has-text-color has-alpha-channel-opacity has-background\" style=\"background-color:#3d4773;color:#3d4773\"\/>\n\n\n\n<h2 class=\"wp-block-heading has-text-align-center\">Engagement &amp; Participation<\/h2>\n\n\n\n<hr class=\"wp-block-separator has-text-color has-alpha-channel-opacity has-background is-style-default\" style=\"background-color:#fff940;color:#fff940\"\/>\n\n\n\n<p>Mise en oeuvre et organisations :<\/p>\n\n\n\n<ul class=\"wp-block-list\">\n<li>Participation active \u00e0 la r\u00e9alisation du site internet d&rsquo;Ermont Ville d&rsquo;Europe<\/li>\n\n\n\n<li>Aide \u00e0 la mise en place de la page Facebook<\/li>\n\n\n\n<li>Participation \u00e0 la cr\u00e9ation des vid\u00e9os Ermont Ville d&rsquo;Europe<\/li>\n\n\n\n<li>Conception &amp; r\u00e9alisation de la chartes graphique Ermont Ville d&rsquo;Europe<\/li>\n<\/ul>\n\n\n\n<p><\/p>\n\n\n\n<p>&nbsp;<\/p>\n\n\n\n<h2 class=\"wp-block-heading has-text-align-center\">Centre d&rsquo;int\u00e9r\u00eat &amp; hobbies<\/h2>\n\n\n\n<hr class=\"wp-block-separator has-text-color has-alpha-channel-opacity has-background is-style-default\" style=\"background-color:#fff940;color:#fff940\"\/>\n\n\n\n<ul class=\"wp-block-list\">\n<li>Les langues et les relations humaines <\/li>\n\n\n\n<li>L&rsquo;informatique, la programmation et le design de site internet<\/li>\n\n\n\n<li>Football, v\u00e9los, workout<\/li>\n\n\n\n<li>Le mod\u00e9lisme, la ferronerie et la construction m\u00e9canique<\/li>\n<\/ul>\n","protected":false},"excerpt":{"rendered":"<p>Pr\u00e9sidente &#8211; Membre actif depuis plus de 30 ans &#8211; Langues parl\u00e9es : Anglais, Espagnol &#8211; Langues comprises : Italien<\/p>\n","protected":false},"author":2,"featured_media":837,"parent":0,"menu_order":0,"comment_status":"closed","ping_status":"closed","template":"","meta":{"footnotes":""},"categories":[9],"tags":[],"class_list":["post-798","page","type-page","status-publish","has-post-thumbnail","hentry","category-members"],"yoast_head":"<!-- This site is optimized with the Yoast SEO plugin v27.4 - https:\/\/yoast.com\/product\/yoast-seo-wordpress\/ -->\n<title>Maximilien ZAKOWSKI - Ermont Ville d&#039;Europe<\/title>\n<meta name=\"description\" content=\"Responsable Pologne &amp; Communication IT, Maximilien est un membre actifs de l&#039;association depuis l&#039;ann\u00e9e 2023\" \/>\n<meta name=\"robots\" content=\"index, follow, max-snippet:-1, max-image-preview:large, max-video-preview:-1\" \/>\n<link rel=\"canonical\" href=\"https:\/\/eve95ermont.com\/index.php\/membres-maximilien-zakowski\/\" \/>\n<meta property=\"og:locale\" content=\"fr_FR\" \/>\n<meta property=\"og:type\" content=\"article\" \/>\n<meta property=\"og:title\" content=\"Maximilien ZAKOWSKI - Ermont Ville d&#039;Europe\" \/>\n<meta property=\"og:description\" content=\"Responsable Pologne &amp; Communication IT, Maximilien est un membre actifs de l&#039;association depuis l&#039;ann\u00e9e 2023\" \/>\n<meta property=\"og:url\" content=\"https:\/\/eve95ermont.com\/index.php\/membres-maximilien-zakowski\/\" \/>\n<meta property=\"og:site_name\" content=\"Ermont Ville d&#039;Europe\" \/>\n<meta property=\"article:modified_time\" content=\"2023-10-04T20:57:09+00:00\" \/>\n<meta property=\"og:image\" content=\"https:\/\/eve95ermont.com\/wp-content\/uploads\/2023\/10\/maximilien-zakowski.png\" \/>\n\t<meta property=\"og:image:width\" content=\"287\" \/>\n\t<meta property=\"og:image:height\" content=\"285\" \/>\n\t<meta property=\"og:image:type\" content=\"image\/png\" \/>\n<meta name=\"twitter:card\" content=\"summary_large_image\" \/>\n<meta name=\"twitter:label1\" content=\"Dur\u00e9e de lecture estim\u00e9e\" \/>\n\t<meta name=\"twitter:data1\" content=\"1 minute\" \/>\n<script type=\"application\/ld+json\" class=\"yoast-schema-graph\">{\"@context\":\"https:\\\/\\\/schema.org\",\"@graph\":[{\"@type\":\"WebPage\",\"@id\":\"https:\\\/\\\/eve95ermont.com\\\/index.php\\\/membres-maximilien-zakowski\\\/\",\"url\":\"https:\\\/\\\/eve95ermont.com\\\/index.php\\\/membres-maximilien-zakowski\\\/\",\"name\":\"Maximilien ZAKOWSKI - Ermont Ville d&#039;Europe\",\"isPartOf\":{\"@id\":\"https:\\\/\\\/eve95ermont.com\\\/#website\"},\"primaryImageOfPage\":{\"@id\":\"https:\\\/\\\/eve95ermont.com\\\/index.php\\\/membres-maximilien-zakowski\\\/#primaryimage\"},\"image\":{\"@id\":\"https:\\\/\\\/eve95ermont.com\\\/index.php\\\/membres-maximilien-zakowski\\\/#primaryimage\"},\"thumbnailUrl\":\"https:\\\/\\\/eve95ermont.com\\\/wp-content\\\/uploads\\\/2023\\\/10\\\/maximilien-zakowski.png\",\"datePublished\":\"2023-04-23T10:30:45+00:00\",\"dateModified\":\"2023-10-04T20:57:09+00:00\",\"description\":\"Responsable Pologne & Communication IT, Maximilien est un membre actifs de l'association depuis l'ann\u00e9e 2023\",\"breadcrumb\":{\"@id\":\"https:\\\/\\\/eve95ermont.com\\\/index.php\\\/membres-maximilien-zakowski\\\/#breadcrumb\"},\"inLanguage\":\"fr-FR\",\"potentialAction\":[{\"@type\":\"ReadAction\",\"target\":[\"https:\\\/\\\/eve95ermont.com\\\/index.php\\\/membres-maximilien-zakowski\\\/\"]}]},{\"@type\":\"ImageObject\",\"inLanguage\":\"fr-FR\",\"@id\":\"https:\\\/\\\/eve95ermont.com\\\/index.php\\\/membres-maximilien-zakowski\\\/#primaryimage\",\"url\":\"https:\\\/\\\/eve95ermont.com\\\/wp-content\\\/uploads\\\/2023\\\/10\\\/maximilien-zakowski.png\",\"contentUrl\":\"https:\\\/\\\/eve95ermont.com\\\/wp-content\\\/uploads\\\/2023\\\/10\\\/maximilien-zakowski.png\",\"width\":287,\"height\":285,\"caption\":\"Maximilien ZAKOWSKI - Responsable Pologne et IT Communication\"},{\"@type\":\"BreadcrumbList\",\"@id\":\"https:\\\/\\\/eve95ermont.com\\\/index.php\\\/membres-maximilien-zakowski\\\/#breadcrumb\",\"itemListElement\":[{\"@type\":\"ListItem\",\"position\":1,\"name\":\"Accueil\",\"item\":\"https:\\\/\\\/eve95ermont.com\\\/\"},{\"@type\":\"ListItem\",\"position\":2,\"name\":\"Maximilien ZAKOWSKI\"}]},{\"@type\":\"WebSite\",\"@id\":\"https:\\\/\\\/eve95ermont.com\\\/#website\",\"url\":\"https:\\\/\\\/eve95ermont.com\\\/\",\"name\":\"Ermont Ville d&#039;Europe\",\"description\":\"L&#039;association de jumelage d&#039;Ermont\",\"publisher\":{\"@id\":\"https:\\\/\\\/eve95ermont.com\\\/#organization\"},\"potentialAction\":[{\"@type\":\"SearchAction\",\"target\":{\"@type\":\"EntryPoint\",\"urlTemplate\":\"https:\\\/\\\/eve95ermont.com\\\/?s={search_term_string}\"},\"query-input\":{\"@type\":\"PropertyValueSpecification\",\"valueRequired\":true,\"valueName\":\"search_term_string\"}}],\"inLanguage\":\"fr-FR\"},{\"@type\":\"Organization\",\"@id\":\"https:\\\/\\\/eve95ermont.com\\\/#organization\",\"name\":\"Ermont Ville d&#039;Europe\",\"url\":\"https:\\\/\\\/eve95ermont.com\\\/\",\"logo\":{\"@type\":\"ImageObject\",\"inLanguage\":\"fr-FR\",\"@id\":\"https:\\\/\\\/eve95ermont.com\\\/#\\\/schema\\\/logo\\\/image\\\/\",\"url\":\"https:\\\/\\\/eve95ermont.com\\\/wp-content\\\/uploads\\\/2023\\\/06\\\/cropped-logo-eve-proposition-gris-clair-contour-noir-v2.png\",\"contentUrl\":\"https:\\\/\\\/eve95ermont.com\\\/wp-content\\\/uploads\\\/2023\\\/06\\\/cropped-logo-eve-proposition-gris-clair-contour-noir-v2.png\",\"width\":1157,\"height\":709,\"caption\":\"Ermont Ville d&#039;Europe\"},\"image\":{\"@id\":\"https:\\\/\\\/eve95ermont.com\\\/#\\\/schema\\\/logo\\\/image\\\/\"}}]}<\/script>\n<!-- \/ Yoast SEO plugin. -->","yoast_head_json":{"title":"Maximilien ZAKOWSKI - Ermont Ville d&#039;Europe","description":"Responsable Pologne & Communication IT, Maximilien est un membre actifs de l'association depuis l'ann\u00e9e 2023","robots":{"index":"index","follow":"follow","max-snippet":"max-snippet:-1","max-image-preview":"max-image-preview:large","max-video-preview":"max-video-preview:-1"},"canonical":"https:\/\/eve95ermont.com\/index.php\/membres-maximilien-zakowski\/","og_locale":"fr_FR","og_type":"article","og_title":"Maximilien ZAKOWSKI - Ermont Ville d&#039;Europe","og_description":"Responsable Pologne & Communication IT, Maximilien est un membre actifs de l'association depuis l'ann\u00e9e 2023","og_url":"https:\/\/eve95ermont.com\/index.php\/membres-maximilien-zakowski\/","og_site_name":"Ermont Ville d&#039;Europe","article_modified_time":"2023-10-04T20:57:09+00:00","og_image":[{"width":287,"height":285,"url":"https:\/\/eve95ermont.com\/wp-content\/uploads\/2023\/10\/maximilien-zakowski.png","type":"image\/png"}],"twitter_card":"summary_large_image","twitter_misc":{"Dur\u00e9e de lecture estim\u00e9e":"1 minute"},"schema":{"@context":"https:\/\/schema.org","@graph":[{"@type":"WebPage","@id":"https:\/\/eve95ermont.com\/index.php\/membres-maximilien-zakowski\/","url":"https:\/\/eve95ermont.com\/index.php\/membres-maximilien-zakowski\/","name":"Maximilien ZAKOWSKI - Ermont Ville d&#039;Europe","isPartOf":{"@id":"https:\/\/eve95ermont.com\/#website"},"primaryImageOfPage":{"@id":"https:\/\/eve95ermont.com\/index.php\/membres-maximilien-zakowski\/#primaryimage"},"image":{"@id":"https:\/\/eve95ermont.com\/index.php\/membres-maximilien-zakowski\/#primaryimage"},"thumbnailUrl":"https:\/\/eve95ermont.com\/wp-content\/uploads\/2023\/10\/maximilien-zakowski.png","datePublished":"2023-04-23T10:30:45+00:00","dateModified":"2023-10-04T20:57:09+00:00","description":"Responsable Pologne & Communication IT, Maximilien est un membre actifs de l'association depuis l'ann\u00e9e 2023","breadcrumb":{"@id":"https:\/\/eve95ermont.com\/index.php\/membres-maximilien-zakowski\/#breadcrumb"},"inLanguage":"fr-FR","potentialAction":[{"@type":"ReadAction","target":["https:\/\/eve95ermont.com\/index.php\/membres-maximilien-zakowski\/"]}]},{"@type":"ImageObject","inLanguage":"fr-FR","@id":"https:\/\/eve95ermont.com\/index.php\/membres-maximilien-zakowski\/#primaryimage","url":"https:\/\/eve95ermont.com\/wp-content\/uploads\/2023\/10\/maximilien-zakowski.png","contentUrl":"https:\/\/eve95ermont.com\/wp-content\/uploads\/2023\/10\/maximilien-zakowski.png","width":287,"height":285,"caption":"Maximilien ZAKOWSKI - Responsable Pologne et IT Communication"},{"@type":"BreadcrumbList","@id":"https:\/\/eve95ermont.com\/index.php\/membres-maximilien-zakowski\/#breadcrumb","itemListElement":[{"@type":"ListItem","position":1,"name":"Accueil","item":"https:\/\/eve95ermont.com\/"},{"@type":"ListItem","position":2,"name":"Maximilien ZAKOWSKI"}]},{"@type":"WebSite","@id":"https:\/\/eve95ermont.com\/#website","url":"https:\/\/eve95ermont.com\/","name":"Ermont Ville d&#039;Europe","description":"L&#039;association de jumelage d&#039;Ermont","publisher":{"@id":"https:\/\/eve95ermont.com\/#organization"},"potentialAction":[{"@type":"SearchAction","target":{"@type":"EntryPoint","urlTemplate":"https:\/\/eve95ermont.com\/?s={search_term_string}"},"query-input":{"@type":"PropertyValueSpecification","valueRequired":true,"valueName":"search_term_string"}}],"inLanguage":"fr-FR"},{"@type":"Organization","@id":"https:\/\/eve95ermont.com\/#organization","name":"Ermont Ville d&#039;Europe","url":"https:\/\/eve95ermont.com\/","logo":{"@type":"ImageObject","inLanguage":"fr-FR","@id":"https:\/\/eve95ermont.com\/#\/schema\/logo\/image\/","url":"https:\/\/eve95ermont.com\/wp-content\/uploads\/2023\/06\/cropped-logo-eve-proposition-gris-clair-contour-noir-v2.png","contentUrl":"https:\/\/eve95ermont.com\/wp-content\/uploads\/2023\/06\/cropped-logo-eve-proposition-gris-clair-contour-noir-v2.png","width":1157,"height":709,"caption":"Ermont Ville d&#039;Europe"},"image":{"@id":"https:\/\/eve95ermont.com\/#\/schema\/logo\/image\/"}}]}},"_links":{"self":[{"href":"https:\/\/eve95ermont.com\/index.php\/wp-json\/wp\/v2\/pages\/798","targetHints":{"allow":["GET"]}}],"collection":[{"href":"https:\/\/eve95ermont.com\/index.php\/wp-json\/wp\/v2\/pages"}],"about":[{"href":"https:\/\/eve95ermont.com\/index.php\/wp-json\/wp\/v2\/types\/page"}],"author":[{"embeddable":true,"href":"https:\/\/eve95ermont.com\/index.php\/wp-json\/wp\/v2\/users\/2"}],"replies":[{"embeddable":true,"href":"https:\/\/eve95ermont.com\/index.php\/wp-json\/wp\/v2\/comments?post=798"}],"version-history":[{"count":12,"href":"https:\/\/eve95ermont.com\/index.php\/wp-json\/wp\/v2\/pages\/798\/revisions"}],"predecessor-version":[{"id":846,"href":"https:\/\/eve95ermont.com\/index.php\/wp-json\/wp\/v2\/pages\/798\/revisions\/846"}],"wp:featuredmedia":[{"embeddable":true,"href":"https:\/\/eve95ermont.com\/index.php\/wp-json\/wp\/v2\/media\/837"}],"wp:attachment":[{"href":"https:\/\/eve95ermont.com\/index.php\/wp-json\/wp\/v2\/media?parent=798"}],"wp:term":[{"taxonomy":"category","embeddable":true,"href":"https:\/\/eve95ermont.com\/index.php\/wp-json\/wp\/v2\/categories?post=798"},{"taxonomy":"post_tag","embeddable":true,"href":"https:\/\/eve95ermont.com\/index.php\/wp-json\/wp\/v2\/tags?post=798"}],"curies":[{"name":"wp","href":"https:\/\/api.w.org\/{rel}","templated":true}]}}