{"id":77,"date":"2023-04-23T09:39:59","date_gmt":"2023-04-23T07:39:59","guid":{"rendered":"https:\/\/eve95ermont.com\/?page_id=77"},"modified":"2024-07-03T22:04:19","modified_gmt":"2024-07-03T20:04:19","slug":"ville-loja-espagne","status":"publish","type":"page","link":"https:\/\/eve95ermont.com\/index.php\/ville-loja-espagne\/","title":{"rendered":"Loja (Espagne)"},"content":{"rendered":"\n<hr class=\"wp-block-separator has-text-color has-alpha-channel-opacity has-background\" style=\"background-color:#3d4773;color:#3d4773\"\/>\n\n\n<div class=\"wp-block-image\">\n<figure class=\"aligncenter size-large\"><img loading=\"lazy\" decoding=\"async\" width=\"1024\" height=\"536\" src=\"https:\/\/eve95ermont.com\/wp-content\/uploads\/2023\/04\/header-loja-1024x536.png\" alt=\"\" class=\"wp-image-269\" srcset=\"https:\/\/eve95ermont.com\/wp-content\/uploads\/2023\/04\/header-loja-1024x536.png 1024w, https:\/\/eve95ermont.com\/wp-content\/uploads\/2023\/04\/header-loja-300x157.png 300w, https:\/\/eve95ermont.com\/wp-content\/uploads\/2023\/04\/header-loja-768x402.png 768w, https:\/\/eve95ermont.com\/wp-content\/uploads\/2023\/04\/header-loja.png 1500w\" sizes=\"auto, (max-width: 1024px) 100vw, 1024px\" \/><\/figure>\n<\/div>\n\n\n<hr class=\"wp-block-separator has-text-color has-alpha-channel-opacity has-background\" style=\"background-color:#3d4773;color:#3d4773\"\/>\n\n\n\n<p><strong><u>1er octobre 2005 : Ermont signe un jumelage avec la ville de Loja en Espagne<\/u><\/strong><\/p>\n\n\n\n<p><u>Loja en Espagne&nbsp;: environ 20&nbsp;600 habitants<\/u><\/p>\n\n\n\n<p>Loja anciennement appel\u00e9e Loxa est une ville dans la province de Grenade dans la communaut\u00e9 autonome d&rsquo;Andalousie en Espagne. Loja se trouve \u00e0 55 kilom\u00e8tres de Grenade  et 70 kilom\u00e8tres de Malaga. Baign\u00e9e par les eaux de nombreux ruisseaux et cours d&rsquo;eau, la ville poss\u00e8de un riche patrimoine monumental, dans lequel ne manquent ni les palais, ni les temples, couvents, jardins ou demeures seigneuriales.<\/p>\n\n\n\n<p>Ville b\u00e2tie autour d&rsquo;une forteresse maure \u00ab&nbsp;La Alcazaba&nbsp;\u00bb, Elle d\u00e9fendait l&rsquo;entr\u00e9e de la vall\u00e9e du rio Genil serpentant depuis Grenade \u00e0 l&rsquo;Est au milieu des massives gorges de la cordill\u00e8re B\u00e9tique, pour aller se jeter \u00e0 l&rsquo;Ouest dans le&nbsp;<a href=\"https:\/\/fr.wikipedia.org\/wiki\/Guadalquivir\">Guadalquivir<\/a>&nbsp;\u00e0 Cordoue.<\/p>\n\n\n\n<p>Loj\u00e0 est le noyau d&rsquo;une communaut\u00e9 de&nbsp;21 bourgades.<\/p>\n\n\n\n<p>Plus d&rsquo;informations sur <a href=\"http:\/\/www.aytoloja.org\/ayuntamiento\/index.htm\" target=\"_blank\" rel=\"noreferrer noopener\">Loja<\/a><\/p>\n\n\n\n<figure class=\"wp-block-embed is-type-wp-embed is-provider-lojaturismo wp-block-embed-lojaturismo\"><div class=\"wp-block-embed__wrapper\">\n<blockquote class=\"wp-embedded-content\" data-secret=\"1MnndOiobl\"><a href=\"https:\/\/lojaturismo.com\/\">Climatolog\u00eda<\/a><\/blockquote><iframe loading=\"lazy\" class=\"wp-embedded-content\" sandbox=\"allow-scripts\" security=\"restricted\" style=\"position: absolute; clip: rect(1px, 1px, 1px, 1px);\" title=\"\u00abClimatolog\u00eda\u00bb \u2014 lojaturismo\" src=\"https:\/\/lojaturismo.com\/embed\/#?secret=mriONE8RV8#?secret=1MnndOiobl\" data-secret=\"1MnndOiobl\" width=\"600\" height=\"338\" frameborder=\"0\" marginwidth=\"0\" marginheight=\"0\" scrolling=\"no\"><\/iframe>\n<\/div><\/figure>\n\n\n\n<hr class=\"wp-block-separator has-text-color has-alpha-channel-opacity has-background\" style=\"background-color:#3d4773;color:#3d4773\"\/>\n\n\n\n<h2 class=\"wp-block-heading has-text-align-center\">Articles<\/h2>\n\n\n            <div id=\"post-grid-lazy-1146\" class=\"post-grid-lazy\"><img decoding=\"async\" alt=\"\" src=\"\" \/><\/div>\n        <script>\n            jQuery('#post-grid-lazy-1146').ready(function($) {\n                $('#post-grid-lazy-1146').fadeOut();\n                $('#post-grid-1146   ').fadeIn();\n            })\n        <\/script>\n        <style type=\"text\/css\">\n            #post-grid-1146 {\n                display: none;\n            }\n\n            .post-grid-lazy {\n                text-align: center;\n            }\n        <\/style>\n        <div data-options='{&quot;id&quot;:&quot;1146&quot;,&quot;lazy_load&quot;:&quot;yes&quot;,&quot;masonry_enable&quot;:&quot;no&quot;,&quot;view_type&quot;:&quot;grid&quot;}' id=\"post-grid-1146\" class=\"post-grid grid\">\n                <div class=\"grid-items\">\n            <div class=\"item item-1190 skin flat even 0 \">\n                <div class=\"layer-wrapper layout-127\">\n                <a class=\" element_1682835123535\" id=\"\" href=\"https:\/\/eve95ermont.com\/index.php\/2024\/12\/04\/excursion-a-loja\/\">\n\n\n        <div class=\"element element_1682834639594  thumb_link \">\n                    <img decoding=\"async\" src=\"https:\/\/eve95ermont.com\/wp-content\/uploads\/2024\/12\/IMG-20241113-WA0014-1024x768.jpg\">\n        \n\n    <\/div>\n    <div class=\"element element_1682244529733  title \">\n                    <a target=\"_blank\" href=\"https:\/\/eve95ermont.com\/index.php\/2024\/12\/04\/excursion-a-loja\/\">Excursion \u00e0 Loja<\/a>\n\n        \n\n    <\/div>\n    <hr class=\"element element_1682832568808  hr \">\n    <\/hr>\n    <div class=\"element element_1689186392009  excerpt \">\n                    <\/div>\n    <\/a>\n        <\/div>\n    <\/div><div class=\"item item-1079 skin flat odd 1 \">\n                <div class=\"layer-wrapper layout-127\">\n                <a class=\" element_1682835123535\" id=\"\" href=\"https:\/\/eve95ermont.com\/index.php\/2024\/07\/03\/voyage-a-loja-2024-du-8-au-11-novembre\/\">\n\n\n        <div class=\"element element_1682834639594  thumb_link \">\n                    <img decoding=\"async\" src=\"https:\/\/eve95ermont.com\/wp-content\/uploads\/2024\/07\/Voyage-loja-2024-1024x586.png\">\n        \n\n    <\/div>\n    <div class=\"element element_1682244529733  title \">\n                    <a target=\"_blank\" href=\"https:\/\/eve95ermont.com\/index.php\/2024\/07\/03\/voyage-a-loja-2024-du-8-au-11-novembre\/\">Voyage \u00e0 Loja - 2024 - du 8 au 11 Novembre<\/a>\n\n        \n\n    <\/div>\n    <hr class=\"element element_1682832568808  hr \">\n    <\/hr>\n    <div class=\"element element_1689186392009  excerpt \">\n        Voyage \u00e0 Loja 2024 du 8 au 11 novembre pour retrouver nos nos amis de l'association ADEL.            <\/div>\n    <\/a>\n        <\/div>\n    <\/div><div class=\"item item-887 skin flat even 2 \">\n                <div class=\"layer-wrapper layout-127\">\n                <a class=\" element_1682835123535\" id=\"\" href=\"https:\/\/eve95ermont.com\/index.php\/2023\/11\/11\/elementor-887\/\">\n\n\n        <div class=\"element element_1682834639594  thumb_link \">\n                    <img decoding=\"async\" src=\"https:\/\/eve95ermont.com\/wp-content\/uploads\/2023\/11\/IMG-20231025-WA0035-1024x711.jpg\">\n        \n\n    <\/div>\n    <div class=\"element element_1682244529733  title \">\n                    <a target=\"_blank\" href=\"https:\/\/eve95ermont.com\/index.php\/2023\/11\/11\/elementor-887\/\">Des familles de Loja \u00e0 Ermont<\/a>\n\n        \n\n    <\/div>\n    <hr class=\"element element_1682832568808  hr \">\n    <\/hr>\n    <div class=\"element element_1689186392009  excerpt \">\n        Du 21 au 25 octobre 2023, l\u2019association Ermont Ville d\u2019Europe a eu le plaisir d\u2019accueillir nos amis espagnols de Loja, ville jumel\u00e9e avec Ermont. On vous raconte\u2026            <\/div>\n    <\/a>\n        <\/div>\n    <\/div>        <\/div>\n        <div class=\"pagination\">\n            <div class=\"paginate\">\n            <\/div>\n    <style type=\"text\/css\">\n        #post-grid-1146 .pagination .page-numbers {\n            font-size: 16px;\n            color: #fff;\n            background: #646464;\n        }\n\n        #post-grid-1146 .pagination .page-numbers:hover,\n        #post-grid-1146 .pagination .page-numbers.current {\n            background: #4b4b4b;\n        }\n    <\/style>\n    <\/div>\n    <style type=\"text\/css\">\n        .layout-127 .element_1682834639594 {\n            overflow: hidden;\n                    }\n\n        .layout-127 .element_1682834639594 img {\n            max-width: 100%;\n            height: auto;\n        }\n\n        @media only screen and (min-width: 1024px) {\n            .layout-127 .element_1682834639594 {\n                            }\n        }\n\n        @media only screen and (min-width: 768px) and (max-width: 1023px) {\n            .layout-127 .element_1682834639594 {\n                            }\n        }\n\n        @media only screen and (min-width: 0px) and (max-width: 767px) {\n            .layout-127 .element_1682834639594 {\n                            }\n        }\n    <\/style>\n    <style type=\"text\/css\">\n        .layout-127 .element_1682244529733 {\n            color: #1e73be;\n            text-align: left;\n            font-weight:bold;\r\ntext-decoration: none;        }\n\n        .layout-127 .element_1682244529733 a {\n            color: #1e73be;\n            text-align: left;\n            font-weight:bold;\r\ntext-decoration: none;        }\n    <\/style>\n    <style type=\"text\/css\">\n        .layout-127 .element_1682832568808 {\n                    }\n\n            <\/style>\n    <style type=\"text\/css\">\n        .layout-127 .element_1689186392009 {\n            text-align: left;\n                    }\n\n        .layout-127 .element_1689186392009 a {\n                    }\n    <\/style>\n    \n\n        <script>\n        \n            <\/script>\n        <style type=\"text\/css\">\n        #post-grid-1146 {\n                    }\n\n        #post-grid-1146 .item {\n            \/*             margin:;\n         *\/\n            padding: 0px;\n            background: #fff;\n                    }\n\n        #post-grid-1146 .item .layer-media {\n            height:auto;        }\n\n        @media only screen and (min-width: 0px) and (max-width: 767px) {\n            #post-grid-1146 .grid-items {\n                display: grid;\n                grid-template-columns: 1fr ;\n                column-gap: 10px;\n                row-gap: 10px;\n                ;\n\n            }\n\n            #post-grid-1146 .item {\n                height:auto;            }\n        }\n\n        @media only screen and (min-width: 768px) and (max-width: 1023px) {\n            #post-grid-1146 .grid-items {\n                display: grid;\n                grid-template-columns: 1fr 1fr ;\n                column-gap: 10px;\n                row-gap: 10px             }\n\n            #post-grid-1146 .item {\n                max-height:auto;            }\n        }\n\n        @media only screen and (min-width: 1024px) {\n            #post-grid-1146 .grid-items {\n                display: grid;\n                grid-template-columns: 1fr 1fr 1fr ;\n                column-gap: 10px;\n                row-gap: 10px;\n                            }\n\n            #post-grid-1146 .item {\n                height:auto;            }\n        }\n\n            <\/style>\n    <\/div>\n\n","protected":false},"excerpt":{"rendered":"<p>1er octobre 2005 : Ermont signe un jumelage avec la ville de Loja en Espagne Loja en Espagne&nbsp;: environ 20&nbsp;600 habitants Loja anciennement appel\u00e9e Loxa est une ville dans la province de Grenade dans la communaut\u00e9 autonome d&rsquo;Andalousie en Espagne. Loja se trouve \u00e0 55 kilom\u00e8tres de Grenade et 70 kilom\u00e8tres de Malaga. Baign\u00e9e par [&hellip;]<\/p>\n","protected":false},"author":2,"featured_media":250,"parent":0,"menu_order":0,"comment_status":"closed","ping_status":"closed","template":"","meta":{"footnotes":""},"categories":[3],"tags":[22],"class_list":["post-77","page","type-page","status-publish","has-post-thumbnail","hentry","category-city","tag-espagne"],"yoast_head":"<!-- This site is optimized with the Yoast SEO plugin v27.4 - https:\/\/yoast.com\/product\/yoast-seo-wordpress\/ -->\n<title>Loja (Espagne) - Ermont Ville d&#039;Europe<\/title>\n<meta name=\"robots\" content=\"index, follow, max-snippet:-1, max-image-preview:large, max-video-preview:-1\" \/>\n<link rel=\"canonical\" href=\"http:\/\/eve95ermont.com\/index.php\/ville-loja-espagne\/\" \/>\n<meta property=\"og:locale\" content=\"fr_FR\" \/>\n<meta property=\"og:type\" content=\"article\" \/>\n<meta property=\"og:title\" content=\"Loja (Espagne) - Ermont Ville d&#039;Europe\" \/>\n<meta property=\"og:description\" content=\"1er octobre 2005 : Ermont signe un jumelage avec la ville de Loja en Espagne Loja en Espagne&nbsp;: environ 20&nbsp;600 habitants Loja anciennement appel\u00e9e Loxa est une ville dans la province de Grenade dans la communaut\u00e9 autonome d&rsquo;Andalousie en Espagne. Loja se trouve \u00e0 55 kilom\u00e8tres de Grenade et 70 kilom\u00e8tres de Malaga. Baign\u00e9e par [&hellip;]\" \/>\n<meta property=\"og:url\" content=\"http:\/\/eve95ermont.com\/index.php\/ville-loja-espagne\/\" \/>\n<meta property=\"og:site_name\" content=\"Ermont Ville d&#039;Europe\" \/>\n<meta property=\"article:modified_time\" content=\"2024-07-03T20:04:19+00:00\" \/>\n<meta property=\"og:image\" content=\"http:\/\/eve95ermont.com\/wp-content\/uploads\/2023\/04\/loja.png\" \/>\n\t<meta property=\"og:image:width\" content=\"363\" \/>\n\t<meta property=\"og:image:height\" content=\"358\" \/>\n\t<meta property=\"og:image:type\" content=\"image\/png\" \/>\n<meta name=\"twitter:card\" content=\"summary_large_image\" \/>\n<meta name=\"twitter:label1\" content=\"Dur\u00e9e de lecture estim\u00e9e\" \/>\n\t<meta name=\"twitter:data1\" content=\"2 minutes\" \/>\n<script type=\"application\/ld+json\" class=\"yoast-schema-graph\">{\"@context\":\"https:\\\/\\\/schema.org\",\"@graph\":[{\"@type\":\"WebPage\",\"@id\":\"http:\\\/\\\/eve95ermont.com\\\/index.php\\\/ville-loja-espagne\\\/\",\"url\":\"http:\\\/\\\/eve95ermont.com\\\/index.php\\\/ville-loja-espagne\\\/\",\"name\":\"Loja (Espagne) - Ermont Ville d&#039;Europe\",\"isPartOf\":{\"@id\":\"https:\\\/\\\/eve95ermont.com\\\/#website\"},\"primaryImageOfPage\":{\"@id\":\"http:\\\/\\\/eve95ermont.com\\\/index.php\\\/ville-loja-espagne\\\/#primaryimage\"},\"image\":{\"@id\":\"http:\\\/\\\/eve95ermont.com\\\/index.php\\\/ville-loja-espagne\\\/#primaryimage\"},\"thumbnailUrl\":\"https:\\\/\\\/eve95ermont.com\\\/wp-content\\\/uploads\\\/2023\\\/04\\\/loja.png\",\"datePublished\":\"2023-04-23T07:39:59+00:00\",\"dateModified\":\"2024-07-03T20:04:19+00:00\",\"breadcrumb\":{\"@id\":\"http:\\\/\\\/eve95ermont.com\\\/index.php\\\/ville-loja-espagne\\\/#breadcrumb\"},\"inLanguage\":\"fr-FR\",\"potentialAction\":[{\"@type\":\"ReadAction\",\"target\":[\"http:\\\/\\\/eve95ermont.com\\\/index.php\\\/ville-loja-espagne\\\/\"]}]},{\"@type\":\"ImageObject\",\"inLanguage\":\"fr-FR\",\"@id\":\"http:\\\/\\\/eve95ermont.com\\\/index.php\\\/ville-loja-espagne\\\/#primaryimage\",\"url\":\"https:\\\/\\\/eve95ermont.com\\\/wp-content\\\/uploads\\\/2023\\\/04\\\/loja.png\",\"contentUrl\":\"https:\\\/\\\/eve95ermont.com\\\/wp-content\\\/uploads\\\/2023\\\/04\\\/loja.png\",\"width\":363,\"height\":358},{\"@type\":\"BreadcrumbList\",\"@id\":\"http:\\\/\\\/eve95ermont.com\\\/index.php\\\/ville-loja-espagne\\\/#breadcrumb\",\"itemListElement\":[{\"@type\":\"ListItem\",\"position\":1,\"name\":\"Accueil\",\"item\":\"https:\\\/\\\/eve95ermont.com\\\/\"},{\"@type\":\"ListItem\",\"position\":2,\"name\":\"Loja (Espagne)\"}]},{\"@type\":\"WebSite\",\"@id\":\"https:\\\/\\\/eve95ermont.com\\\/#website\",\"url\":\"https:\\\/\\\/eve95ermont.com\\\/\",\"name\":\"Ermont Ville d&#039;Europe\",\"description\":\"L&#039;association de jumelage d&#039;Ermont\",\"publisher\":{\"@id\":\"https:\\\/\\\/eve95ermont.com\\\/#organization\"},\"potentialAction\":[{\"@type\":\"SearchAction\",\"target\":{\"@type\":\"EntryPoint\",\"urlTemplate\":\"https:\\\/\\\/eve95ermont.com\\\/?s={search_term_string}\"},\"query-input\":{\"@type\":\"PropertyValueSpecification\",\"valueRequired\":true,\"valueName\":\"search_term_string\"}}],\"inLanguage\":\"fr-FR\"},{\"@type\":\"Organization\",\"@id\":\"https:\\\/\\\/eve95ermont.com\\\/#organization\",\"name\":\"Ermont Ville d&#039;Europe\",\"url\":\"https:\\\/\\\/eve95ermont.com\\\/\",\"logo\":{\"@type\":\"ImageObject\",\"inLanguage\":\"fr-FR\",\"@id\":\"https:\\\/\\\/eve95ermont.com\\\/#\\\/schema\\\/logo\\\/image\\\/\",\"url\":\"https:\\\/\\\/eve95ermont.com\\\/wp-content\\\/uploads\\\/2023\\\/06\\\/cropped-logo-eve-proposition-gris-clair-contour-noir-v2.png\",\"contentUrl\":\"https:\\\/\\\/eve95ermont.com\\\/wp-content\\\/uploads\\\/2023\\\/06\\\/cropped-logo-eve-proposition-gris-clair-contour-noir-v2.png\",\"width\":1157,\"height\":709,\"caption\":\"Ermont Ville d&#039;Europe\"},\"image\":{\"@id\":\"https:\\\/\\\/eve95ermont.com\\\/#\\\/schema\\\/logo\\\/image\\\/\"}}]}<\/script>\n<!-- \/ Yoast SEO plugin. -->","yoast_head_json":{"title":"Loja (Espagne) - Ermont Ville d&#039;Europe","robots":{"index":"index","follow":"follow","max-snippet":"max-snippet:-1","max-image-preview":"max-image-preview:large","max-video-preview":"max-video-preview:-1"},"canonical":"http:\/\/eve95ermont.com\/index.php\/ville-loja-espagne\/","og_locale":"fr_FR","og_type":"article","og_title":"Loja (Espagne) - Ermont Ville d&#039;Europe","og_description":"1er octobre 2005 : Ermont signe un jumelage avec la ville de Loja en Espagne Loja en Espagne&nbsp;: environ 20&nbsp;600 habitants Loja anciennement appel\u00e9e Loxa est une ville dans la province de Grenade dans la communaut\u00e9 autonome d&rsquo;Andalousie en Espagne. Loja se trouve \u00e0 55 kilom\u00e8tres de Grenade et 70 kilom\u00e8tres de Malaga. Baign\u00e9e par [&hellip;]","og_url":"http:\/\/eve95ermont.com\/index.php\/ville-loja-espagne\/","og_site_name":"Ermont Ville d&#039;Europe","article_modified_time":"2024-07-03T20:04:19+00:00","og_image":[{"width":363,"height":358,"url":"http:\/\/eve95ermont.com\/wp-content\/uploads\/2023\/04\/loja.png","type":"image\/png"}],"twitter_card":"summary_large_image","twitter_misc":{"Dur\u00e9e de lecture estim\u00e9e":"2 minutes"},"schema":{"@context":"https:\/\/schema.org","@graph":[{"@type":"WebPage","@id":"http:\/\/eve95ermont.com\/index.php\/ville-loja-espagne\/","url":"http:\/\/eve95ermont.com\/index.php\/ville-loja-espagne\/","name":"Loja (Espagne) - Ermont Ville d&#039;Europe","isPartOf":{"@id":"https:\/\/eve95ermont.com\/#website"},"primaryImageOfPage":{"@id":"http:\/\/eve95ermont.com\/index.php\/ville-loja-espagne\/#primaryimage"},"image":{"@id":"http:\/\/eve95ermont.com\/index.php\/ville-loja-espagne\/#primaryimage"},"thumbnailUrl":"https:\/\/eve95ermont.com\/wp-content\/uploads\/2023\/04\/loja.png","datePublished":"2023-04-23T07:39:59+00:00","dateModified":"2024-07-03T20:04:19+00:00","breadcrumb":{"@id":"http:\/\/eve95ermont.com\/index.php\/ville-loja-espagne\/#breadcrumb"},"inLanguage":"fr-FR","potentialAction":[{"@type":"ReadAction","target":["http:\/\/eve95ermont.com\/index.php\/ville-loja-espagne\/"]}]},{"@type":"ImageObject","inLanguage":"fr-FR","@id":"http:\/\/eve95ermont.com\/index.php\/ville-loja-espagne\/#primaryimage","url":"https:\/\/eve95ermont.com\/wp-content\/uploads\/2023\/04\/loja.png","contentUrl":"https:\/\/eve95ermont.com\/wp-content\/uploads\/2023\/04\/loja.png","width":363,"height":358},{"@type":"BreadcrumbList","@id":"http:\/\/eve95ermont.com\/index.php\/ville-loja-espagne\/#breadcrumb","itemListElement":[{"@type":"ListItem","position":1,"name":"Accueil","item":"https:\/\/eve95ermont.com\/"},{"@type":"ListItem","position":2,"name":"Loja (Espagne)"}]},{"@type":"WebSite","@id":"https:\/\/eve95ermont.com\/#website","url":"https:\/\/eve95ermont.com\/","name":"Ermont Ville d&#039;Europe","description":"L&#039;association de jumelage d&#039;Ermont","publisher":{"@id":"https:\/\/eve95ermont.com\/#organization"},"potentialAction":[{"@type":"SearchAction","target":{"@type":"EntryPoint","urlTemplate":"https:\/\/eve95ermont.com\/?s={search_term_string}"},"query-input":{"@type":"PropertyValueSpecification","valueRequired":true,"valueName":"search_term_string"}}],"inLanguage":"fr-FR"},{"@type":"Organization","@id":"https:\/\/eve95ermont.com\/#organization","name":"Ermont Ville d&#039;Europe","url":"https:\/\/eve95ermont.com\/","logo":{"@type":"ImageObject","inLanguage":"fr-FR","@id":"https:\/\/eve95ermont.com\/#\/schema\/logo\/image\/","url":"https:\/\/eve95ermont.com\/wp-content\/uploads\/2023\/06\/cropped-logo-eve-proposition-gris-clair-contour-noir-v2.png","contentUrl":"https:\/\/eve95ermont.com\/wp-content\/uploads\/2023\/06\/cropped-logo-eve-proposition-gris-clair-contour-noir-v2.png","width":1157,"height":709,"caption":"Ermont Ville d&#039;Europe"},"image":{"@id":"https:\/\/eve95ermont.com\/#\/schema\/logo\/image\/"}}]}},"_links":{"self":[{"href":"https:\/\/eve95ermont.com\/index.php\/wp-json\/wp\/v2\/pages\/77","targetHints":{"allow":["GET"]}}],"collection":[{"href":"https:\/\/eve95ermont.com\/index.php\/wp-json\/wp\/v2\/pages"}],"about":[{"href":"https:\/\/eve95ermont.com\/index.php\/wp-json\/wp\/v2\/types\/page"}],"author":[{"embeddable":true,"href":"https:\/\/eve95ermont.com\/index.php\/wp-json\/wp\/v2\/users\/2"}],"replies":[{"embeddable":true,"href":"https:\/\/eve95ermont.com\/index.php\/wp-json\/wp\/v2\/comments?post=77"}],"version-history":[{"count":8,"href":"https:\/\/eve95ermont.com\/index.php\/wp-json\/wp\/v2\/pages\/77\/revisions"}],"predecessor-version":[{"id":1167,"href":"https:\/\/eve95ermont.com\/index.php\/wp-json\/wp\/v2\/pages\/77\/revisions\/1167"}],"wp:featuredmedia":[{"embeddable":true,"href":"https:\/\/eve95ermont.com\/index.php\/wp-json\/wp\/v2\/media\/250"}],"wp:attachment":[{"href":"https:\/\/eve95ermont.com\/index.php\/wp-json\/wp\/v2\/media?parent=77"}],"wp:term":[{"taxonomy":"category","embeddable":true,"href":"https:\/\/eve95ermont.com\/index.php\/wp-json\/wp\/v2\/categories?post=77"},{"taxonomy":"post_tag","embeddable":true,"href":"https:\/\/eve95ermont.com\/index.php\/wp-json\/wp\/v2\/tags?post=77"}],"curies":[{"name":"wp","href":"https:\/\/api.w.org\/{rel}","templated":true}]}}